{"id":255,"date":"2024-08-03T07:18:17","date_gmt":"2024-08-03T07:18:17","guid":{"rendered":"https:\/\/alpplus.com.pl\/?page_id=255"},"modified":"2024-08-06T17:11:00","modified_gmt":"2024-08-06T17:11:00","slug":"dolacz-do-nas","status":"publish","type":"page","link":"https:\/\/alpplus.com.pl\/index.php\/dolacz-do-nas\/","title":{"rendered":"DO\u0141\u0104CZ DO NAS"},"content":{"rendered":"\n<p class=\"has-large-font-size\"><strong>ALPPLUS to miejsce dla Ciebie!<\/strong><\/p>\n\n\n\n<hr class=\"wp-block-separator has-alpha-channel-opacity\"\/>\n\n\n\n<div class=\"wp-block-columns is-layout-flex wp-container-core-columns-is-layout-1 wp-block-columns-is-layout-flex\">\n<div class=\"wp-block-column is-layout-flow wp-block-column-is-layout-flow\" style=\"flex-basis:66.66%\">\n<p class=\"has-large-font-size\"><\/p>\n\n\n\n<p>Jeste\u015bmy dynamicznie rozwijaj\u0105c\u0105 si\u0119 firm\u0105, kt\u00f3ra nieustannie poszukuje os\u00f3b, gotowych do\u0142\u0105czy\u0107 do naszych zespo\u0142\u00f3w. Pracujemy nad nowoczesnymi i ekscytuj\u0105cymi projektami, kt\u00f3re zmieniaj\u0105 rynek i wprowadzaj\u0105 nowe standardy w naszej bran\u017cy.<\/p>\n\n\n\n<p>Poszukujemy os\u00f3b, kt\u00f3re:<\/p>\n\n\n\n<ul class=\"wp-block-list\">\n<li><strong>S\u0105 ambitne i zorientowane na cel:<\/strong> Chcemy wsp\u00f3\u0142pracowa\u0107 z lud\u017ami, kt\u00f3rzy maj\u0105 jasno okre\u015blone cele i d\u0105\u017c\u0105 do ich realizacji.<\/li>\n\n\n\n<li><strong>S\u0105 zaanga\u017cowane i odpowiedzialne:<\/strong> Oczekujemy pe\u0142nego zaanga\u017cowania w powierzone zadania oraz odpowiedzialno\u015bci za ich realizacj\u0119.<\/li>\n<\/ul>\n<\/div>\n<\/div>\n\n\n\n<p>Zapraszamy do zapoznania si\u0119 z aktualnymi ofertami pracy poni\u017cej. Zg\u0142oszenia prosimy kierowa\u0107 na adres: <a href=\"mailto:contact@alpplus.com.pl\">contact@alpplus.com.pl<\/a><\/p>\n\n\n\n<p style=\"font-style:italic;font-weight:100\">Do maila prosimy do\u0142\u0105czy\u0107 klauzul\u0119:<em> <\/em>\u201eWyra\u017cam zgod\u0119 na przetwarzanie moich danych osobowych przez firm\u0119 FHU AlpPlus Przemys\u0142aw Przybylski, w celu prowadzenia rekrutacji na aplikowane przeze mnie stanowisko.\u2033.<\/p>\n\n\n\n<p class=\"has-text-align-left has-large-font-size\"><strong>Aktualne oferty:<\/strong><\/p>\n\n\n\n<div class=\"wp-block-columns is-layout-flex wp-container-core-columns-is-layout-2 wp-block-columns-is-layout-flex\">\n<div class=\"wp-block-column is-layout-flow wp-block-column-is-layout-flow\" style=\"flex-basis:33.33%\">\n<figure class=\"wp-block-image size-full is-resized\"><img loading=\"lazy\" decoding=\"async\" width=\"311\" height=\"398\" src=\"https:\/\/alpplus.com.pl\/wp-content\/uploads\/2024\/08\/praca1.jpg\" alt=\"\" class=\"wp-image-324\" style=\"width:277px;height:auto\" srcset=\"https:\/\/alpplus.com.pl\/wp-content\/uploads\/2024\/08\/praca1.jpg 311w, https:\/\/alpplus.com.pl\/wp-content\/uploads\/2024\/08\/praca1-234x300.jpg 234w\" sizes=\"(max-width: 311px) 100vw, 311px\" \/><\/figure>\n<\/div>\n\n\n\n<div class=\"wp-block-column is-layout-flow wp-block-column-is-layout-flow\" style=\"flex-basis:66.66%\">\n<p class=\"has-medium-font-size\"><strong>Elektroinstalator<\/strong><\/p>\n\n\n\n<p>Praca g\u0142\u00f3wnie na terenie Niemiec.<\/p>\n\n\n\n<p>Od kandydat\u00f3w na stanowisko, wymagamy:<\/p>\n\n\n\n<ul class=\"wp-block-list\">\n<li>Posiadanie wa\u017cnych uprawnie\u0144 SEP E lub D (do 1 kV)<\/li>\n\n\n\n<li>Do\u015bwiadczenie w pracach zwi\u0105zanych z instalacjami elektrycznymi<\/li>\n\n\n\n<li>Komunikatywna znajomo\u015b\u0107 j\u0119zyka angielskiego lub niemieckiego<\/li>\n\n\n\n<li>Czynne prawo jazdy kat. B<\/li>\n\n\n\n<li>Mile widziane wykszta\u0142cenie techniczne i\/lub elektryczne<\/li>\n\n\n\n<li>Do\u015bwiadczenie w budowaniu i monta\u017cu tras kablowych, o\u015bwietlenia oraz osprz\u0119tu elektrycznego<\/li>\n\n\n\n<li>Samodzielno\u015b\u0107 w organizacji stanowiska i czasu pracy<\/li>\n\n\n\n<li>Umiej\u0119tno\u015b\u0107 pracy elektronarz\u0119dziami (szlifierka, wiertarka itp)<\/li>\n\n\n\n<li>Znajomo\u015b\u0107 praktyczna rysunku technicznego \/ schemat\u00f3w<\/li>\n\n\n\n<li>Odporno\u015b\u0107 na stres<\/li>\n\n\n\n<li>Umiej\u0119tno\u015b\u0107 pracy zespo\u0142owej<\/li>\n<\/ul>\n\n\n\n<p><em>Oferty prosimy przesy\u0142a\u0107 z dopiskiem: &#8222;elektroinstalator&#8221;<\/em><\/p>\n\n\n\n<hr class=\"wp-block-separator has-alpha-channel-opacity\"\/>\n<\/div>\n<\/div>\n\n\n\n<div class=\"wp-block-columns is-layout-flex wp-container-core-columns-is-layout-3 wp-block-columns-is-layout-flex\">\n<div class=\"wp-block-column is-layout-flow wp-block-column-is-layout-flow\" style=\"flex-basis:33.33%\">\n<figure class=\"wp-block-image size-full is-resized\"><img loading=\"lazy\" decoding=\"async\" width=\"311\" height=\"398\" src=\"https:\/\/alpplus.com.pl\/wp-content\/uploads\/2024\/08\/praca2.jpg\" alt=\"\" class=\"wp-image-325\" style=\"width:275px;height:auto\" srcset=\"https:\/\/alpplus.com.pl\/wp-content\/uploads\/2024\/08\/praca2.jpg 311w, https:\/\/alpplus.com.pl\/wp-content\/uploads\/2024\/08\/praca2-234x300.jpg 234w\" sizes=\"(max-width: 311px) 100vw, 311px\" \/><\/figure>\n<\/div>\n\n\n\n<div class=\"wp-block-column is-layout-flow wp-block-column-is-layout-flow\" style=\"flex-basis:66.66%\">\n<p class=\"has-medium-font-size\"><strong>Alpini\u015bci przemys\u0142owi \/ instalatorzy system\u00f3w tel. kom\u00f3rkowej<\/strong><\/p>\n\n\n\n<p>G\u0142\u00f3wnie samodzielne zespo\u0142y. Praca na terenie Polski i UE.<\/p>\n\n\n\n<p>Od kandydat\u00f3w na stanowisko, wymagamy:<\/p>\n\n\n\n<ul class=\"wp-block-list\">\n<li>Do\u015bwiadczenie w bran\u017cy i do\u015bwiadczenie techniczne<\/li>\n\n\n\n<li>Aktualne badania wysoko\u015bciowe i uprawnienia (kurs wysoko\u015bciowy, IRATA, pierwsza pomoc w pracy na wysoko\u015bci)<\/li>\n\n\n\n<li>Uprawnienia SEP E i \/ lub D do 1kV<\/li>\n\n\n\n<li>Umiej\u0119tno\u015b\u0107 odczytu rysunku technicznego<\/li>\n\n\n\n<li>Komunikatywna znajomo\u015b\u0107 j\u0119zyka angielskiego i \/ lub niemieckiego<\/li>\n\n\n\n<li>W\u0142asna dzia\u0142alno\u015b\u0107 gospodarcza \/ gotowo\u015b\u0107 otwarcia dzia\u0142alno\u015bci<\/li>\n\n\n\n<li>Dobra organizacja miejsca i czasu pracy<\/li>\n\n\n\n<li>Profesjonalizm i dok\u0142adno\u015b\u0107 w wykonywaniu zada\u0144<\/li>\n<\/ul>\n\n\n\n<p><em>Oferty prosimy przesy\u0142a\u0107 z dopiskiem: &#8222;alpinista przemys\u0142owy&#8221;<\/em><\/p>\n<\/div>\n<\/div>\n\n\n\n<hr class=\"wp-block-separator has-alpha-channel-opacity\"\/>\n\n\n\n<p><\/p>\n","protected":false},"excerpt":{"rendered":"<p>ALPPLUS to miejsce dla Ciebie! Jeste\u015bmy dynamicznie rozwijaj\u0105c\u0105 si\u0119 firm\u0105, kt\u00f3ra nieustannie poszukuje os\u00f3b, gotowych do\u0142\u0105czy\u0107 do naszych zespo\u0142\u00f3w. Pracujemy nad nowoczesnymi i ekscytuj\u0105cymi projektami,&hellip;<\/p>\n","protected":false},"author":1,"featured_media":0,"parent":0,"menu_order":0,"comment_status":"closed","ping_status":"closed","template":"","meta":{"footnotes":""},"class_list":["post-255","page","type-page","status-publish","hentry"],"_links":{"self":[{"href":"https:\/\/alpplus.com.pl\/index.php\/wp-json\/wp\/v2\/pages\/255"}],"collection":[{"href":"https:\/\/alpplus.com.pl\/index.php\/wp-json\/wp\/v2\/pages"}],"about":[{"href":"https:\/\/alpplus.com.pl\/index.php\/wp-json\/wp\/v2\/types\/page"}],"author":[{"embeddable":true,"href":"https:\/\/alpplus.com.pl\/index.php\/wp-json\/wp\/v2\/users\/1"}],"replies":[{"embeddable":true,"href":"https:\/\/alpplus.com.pl\/index.php\/wp-json\/wp\/v2\/comments?post=255"}],"version-history":[{"count":47,"href":"https:\/\/alpplus.com.pl\/index.php\/wp-json\/wp\/v2\/pages\/255\/revisions"}],"predecessor-version":[{"id":428,"href":"https:\/\/alpplus.com.pl\/index.php\/wp-json\/wp\/v2\/pages\/255\/revisions\/428"}],"wp:attachment":[{"href":"https:\/\/alpplus.com.pl\/index.php\/wp-json\/wp\/v2\/media?parent=255"}],"curies":[{"name":"wp","href":"https:\/\/api.w.org\/{rel}","templated":true}]}}